-179 - -185. What is the greatest common factor of j and o?
2
Let k(u) = 85*u + 58. Let x be k(5). What is the highest common factor of x and 63?
21
Suppose -8 = a - 136. Let f be a/7 - 44/154. What is the greatest common factor of 36 and f?
18
Let b = -150 + 262. What is the highest common factor of 14 and b?
14
Let c(t) = t**2 - 6*t + 18. Let d be c(7). Calculate the greatest common factor of 35 and d.
5
Suppose a = -3*a - 12. Let p be -3 + 36/3 + a. Calculate the highest common factor of p and 4.
2
Let j be (-4)/(64/(-6)) + 2826/144. What is the greatest common divisor of j and 80?
20
Let j(h) = 2*h**2 - 7*h + 15. Let l be j(14). Suppose 10*b - l - 11 = 0. What is the greatest common divisor of 80 and b?
16
Suppose -d = 5*x - 27, -2*d + 0*x + 81 = x. Let c = 129 + -66. Calculate the greatest common factor of d and c.
21
Let y(b) = 3*b + 57. Let x be y(19). What is the greatest common factor of x and 190?
38
Suppose -3*y + y + 225 = -3*u, 4*y - 4*u = 452. What is the highest common divisor of y and 12?
6
Suppose -3*s + 8*s = 20. Let p be s/6*39/2. Let b = p - -4. What is the greatest common factor of b and 119?
17
Suppose 0*l + 19 = l. Let h(y) = 16*y + 15. Let k be h(5). Calculate the highest common factor of k and l.
19
Let h = -128 + 89. Let w be ((-26)/h)/(2/48). Let o = w - 2. What is the highest common factor of 112 and o?
14
Let v(b) = b + 5. Let m be v(10). Let k be (19 - m) + (-14)/(-1). Calculate the highest common factor of k and 27.
9
Suppose 3*v + v = 4*d - 52, -5*d + 3*v = -71. Let c = d + 4. Calculate the highest common divisor of 140 and c.
20
Suppose -4*w - 2*i - 88 = 0, 0 = 3*w + 5*i + 84 - 4. Let n be ((-70)/w)/((-2)/(-12)). What is the greatest common factor of n and 63?
21
Let f be (-2)/10 + (-11553)/(-15). Suppose -f = -4*k - k. What is the highest common factor of k and 14?
14
Suppose -72*f + 74*f - 3*v - 15 = 0, 0 = -5*f - 4*v + 26. Let a(w) = -w**2 - 6*w + 1. Let u be a(-5). Calculate the highest common divisor of f and u.
6
Let n be 3*-5*1/((-15)/(-55)). Let q = 60 + n. What is the greatest common factor of q and 20?
5
Let b(w) = 10*w**2 + w - 1. Let y be b(1). Suppose y = 5*l - 3*t, t = -t. Suppose -l*n = -0*n - 286. What is the highest common factor of n and 13?
13
Suppose -4*r + 3100 = w, 2*w = 3 + 5. Let j = 1118 - r. What is the highest common factor of 43 and j?
43
Let v = 371 + -327. Calculate the highest common factor of v and 12.
4
Suppose -12*z - 28 = -76. Suppose 4*c - 50 = 3*g - 16, 0 = -2*c - z*g + 28. Calculate the greatest common factor of c and 10.
10
Suppose -2*k + 2*d + 886 = 0, 2 = 2*d + 6. What is the highest common divisor of 18 and k?
9
Suppose 19 + 15 = 3*p - 5*z, -5*z - 18 = -p. Suppose 2 = -2*d + p. Calculate the greatest common factor of 15 and d.
3
Let x be (-51)/(-34) - 60/(-8). Let o = -10 - -154. Calculate the greatest common divisor of o and x.
9
Let a = -11 - -19. Let u = a - 23. Let t = u - -22. Calculate the greatest common divisor of t and 1.
1
Suppose 14 = 6*s + 2. Suppose -152 - 68 = -s*o. Calculate the greatest common factor of 22 and o.
22
Let i(p) = -p**3 + 18*p**2 - 28*p - 52. Let c be i(16). Calculate the greatest common divisor of 156 and c.
12
Let l = -58 + 46. Let p be (-4)/((4/l)/((-10)/(-12))). What is the highest common divisor of p and 10?
10
Let d be (-2088)/30*(-20)/12. Calculate the greatest common factor of 116 and d.
116
Suppose -15*a + 315 = -1725. What is the highest common divisor of 24 and a?
8
Suppose f + 2*f - 693 = 0. Let a be (-6)/24 + f/12. Let c(o) = 38*o**2 + o + 1. Let p be c(-1). Calculate the greatest common factor of p and a.
19
Let q = 135 - 78. Suppose 5 = 2*o - q. Calculate the greatest common factor of 217 and o.
31
Suppose 145 = -9*r + 154. Suppose -2*y - 2 + 4 = 0. Calculate the highest common divisor of y and r.
1
Suppose 2*l = -2*y + 1306, -3273 = -5*y - 7*l + 4*l. Calculate the greatest common divisor of y and 9.
9
Suppose 144 = 5*g + 14. Suppose -47 = -4*l + 61. Let h = l - 1. Calculate the highest common divisor of g and h.
26
Suppose 3*r - 6*r = -18. Suppose -r*g = -4*g - 2. Calculate the highest common divisor of g and 5.
1
Let p be 23 - 0 - 2 - 1. Suppose -3*v + r = 6*r + 31, -v - 4*r = 15. Let j(c) = -2*c - 4. Let q be j(v). Calculate the highest common factor of q and p.
10
Suppose -j + 87 = 2*j - 3*m, -151 = -5*j + 3*m. Let h = 2 + 286. What is the highest common divisor of h and j?
32
Let u be 58/145 + 636/10. Calculate the greatest common factor of u and 1.
1
Let n be 120 + (-28)/8 + (-7)/14. Calculate the greatest common factor of n and 290.
58
Suppose u - 2624 = -3*u. Let l = u - 453. Calculate the highest common divisor of 29 and l.
29
Let r(n) = -17*n - 17. Let h be r(-27). Calculate the highest common divisor of h and 34.
34
Let n = -21 - -39. Let z be (12/n)/((-2)/(-18)). Suppose -o = -z*o + 4*l + 26, -5*o + 34 = 4*l. Calculate the highest common factor of o and 66.
6
Let r(v) = -17*v + 1. Let t be r(-1). Let y = -1290 - -1335. Calculate the greatest common divisor of y and t.
9
Let t(r) = r**2 + 26*r - 272. Let i be t(-42). Calculate the highest common factor of i and 32.
16
Let u(j) = 6*j + 8. Let g be u(-6). Let d = 2 + g. Let o be (-469)/(-91) + 4/d. What is the highest common factor of 55 and o?
5
Let l = 84 - 32. Suppose 68 = 2*r + r + 5*p, -4*r - p = -102. What is the highest common factor of l and r?
26
Let l = 5 + -2. Suppose -283 = -5*b + 4*y, l*b - 65 - 94 = -3*y. Suppose -2*h = 2*c, -4*h + 0 = 5*c + 5. Calculate the greatest common factor of h and b.
5
Let w = 1868 + -718. Suppose -3*b + w = 2*b. What is the greatest common divisor of 23 and b?
23
Let n(b) = b**3 + b**2 + b + 108. Let o be n(0). Suppose -8*x - 344 = -80. Let g = -21 - x. Calculate the highest common divisor of g and o.
12
Suppose 8*l - 99 = -3. Suppose l = -c + 57. Calculate the greatest common factor of c and 18.
9
Suppose -3*r - 23 = -71. Calculate the greatest common factor of 400 and r.
16
Suppose 4*y + 185 = 4*d + y, -d + 59 = -5*y. Suppose 8*b + d = 9*b. What is the highest common factor of 22 and b?
22
Let q(m) = m**3 + 16*m**2 + 11*m + 4. Let l be q(-15). What is the greatest common factor of l and 48?
16
Let u be (-11)/(-2) - (-2)/4. Suppose 6 = 3*y - 2*y. Let x be (-24 + 87)/(y/4). Calculate the greatest common divisor of u and x.
6
Suppose -3*g = 3, -m + 2 = m - 2*g. Let v be (-3 - (1 + m))*(-169)/52. What is the highest common divisor of 91 and v?
13
Let h = 1784 - 1736. Calculate the highest common divisor of 1704 and h.
24
Suppose 0 = -15*y + 207 - 27. What is the highest common divisor of 12 and y?
12
Let u be 1/((3/7)/3). Let o = -1154 - -1175. Calculate the greatest common factor of o and u.
7
Let c be (1 + -18)*(-10 + 1). Let u be (-1)/4 - c/12. Let b = u + 19. What is the highest common divisor of b and 66?
6
Suppose 0 = -29*s - 2474 + 7346. Let r be 416/10 - 2/(-5). Calculate the highest common factor of r and s.
42
Suppose -2*b + 111 = -29. Suppose 0 = -6*p + 3 + 3. Suppose -5*f = p - 51. Calculate the highest common divisor of b and f.
10
Let w(q) be the first derivative of 11*q**2 + 2*q + 17. Let a be w(4). What is the greatest common factor of a and 36?
18
Let z(i) = -i + i - 4 + 3*i - 7. Let h be z(5). Let y be (-9)/(-1) + (5 - h). What is the greatest common factor of y and 20?
10
Let b = -20 + 62. What is the highest common divisor of 21 and b?
21
Let z = 5 + 3. Suppose 3*n = x + 7, -z + 25 = x + 3*n. Suppose -24 = -5*c + w - 2*w, 0 = x*c + 2*w - 23. Calculate the highest common factor of c and 40.
5
Suppose -2*h - 6*h = 256. Let s(p) = p**3 + 3*p**2 - 6*p - 4. Let r be s(-4). Let z be 1*(-14)/r*h. Calculate the highest common divisor of z and 14.
14
Let b(z) = -z**3 + 11*z**2 + 12*z + 5. Let o be b(12). Suppose o*f = -2*r + 480, 0 = -5*r + f - 4*f + 1162. What is the highest common divisor of 92 and r?
46
Suppose -2*b = -w + 31, -2*w + 4*w = 2*b + 52. Calculate the highest common factor of 798 and w.
21
Let s(w) = -12*w - 12. Let i = 17 - 22. Let c be s(i). Suppose -18*v + 21*v = c. Calculate the highest common factor of v and 24.
8
Let k(d) = 3*d**2 - 20*d + 84. Let i be k(15). Calculate the greatest common divisor of i and 27.
27
Let d = 170 - -350. Calculate the greatest common divisor of d and 52.
52
Suppose 